the prime factors of 385204029?
3, 7, 18343049
List the prime factors of 61333670.
2, 5, 61, 100547
What are the prime factors of 79331646?
2, 3, 23, 29, 43, 461
List the prime factors of 1061517018.
2, 3, 223, 311, 2551
What are the prime factors of 5678810576?
2, 157, 2260673
List the prime factors of 1387652359.
103, 13472353
List the prime factors of 197950621.
11, 17995511
List the prime factors of 5512401.
3, 204163
What are the prime factors of 1836630103?
7, 11, 199, 17123
List the prime factors of 372343031.
372343031
What are the prime factors of 1164455028?
2, 3, 11, 12101
List the prime factors of 184009267.
13, 14154559
List the prime factors of 16632969.
3, 523, 10601
List the prime factors of 4009404144.
2, 3, 83529253
What are the prime factors of 219556433?
219556433
What are the prime factors of 31935215?
5, 13, 67, 7333
What are the prime factors of 215238820?
2, 5, 10761941
List the prime factors of 629039984.
2, 17, 1277, 1811
List the prime factors of 1198019793.
3, 2287, 174613
List the prime factors of 309760235.
5, 61952047
What are the prime factors of 143009304?
2, 3, 17, 409, 857
List the prime factors of 2264924284.
2, 7, 80890153
What are the prime factors of 541324613?
541324613
List the prime factors of 4037657997.
3, 271, 337, 14737
List the prime factors of 92129916.
2, 3, 59, 130127
What are the prime factors of 649938305?
5, 17, 353, 21661
What are the prime factors of 960742961?
19, 59, 71, 12071
List the prime factors of 588974652.
2, 3, 7, 107, 809
List the prime factors of 3187575264.
2, 3, 33203909
What are the prime factors of 3496820962?
2, 23, 47, 53, 30517
What are the prime factors of 158741336?
2, 13, 79, 139
List the prime factors of 89231841.
3, 3304883
What are the prime factors of 2794801100?
2, 5, 7, 13, 307121
What are the prime factors of 2949418534?
2, 1474709267
What are the prime factors of 151090992?
2, 3, 13, 43, 1877
List the prime factors of 512301069.
3, 7, 17, 478339
What are the prime factors of 11737702?
2, 397, 14783
List the prime factors of 1237379027.
29879, 41413
List the prime factors of 73565382.
2, 3, 11, 97, 11491
What are the prime factors of 2029593588?
2, 3, 11, 15375709
List the prime factors of 3279273417.
3, 7, 5783551
What are the prime factors of 315138438?
2, 3, 648433
List the prime factors of 110532617.
13, 8502509
What are the prime factors of 73346885?
5, 23, 269, 2371
List the prime factors of 1593305469.
3, 7, 41, 616843
List the prime factors of 6592999240.
2, 5, 19, 1949, 4451
List the prime factors of 614254835.
5, 122850967
What are the prime factors of 473797740?
2, 3, 5, 13, 53, 73, 157
List the prime factors of 63085285.
5, 61, 397, 521
What are the prime factors of 1160733895?
5, 313, 741683
List the prime factors of 629773223.
977, 644599
What are the prime factors of 2596746?
2, 3, 23, 31, 607
List the prime factors of 545058825.
3, 5, 7267451
List the prime factors of 697610618.
2, 883, 395023
What are the prime factors of 67931249?
3257, 20857
What are the prime factors of 293620136?
2, 83, 229, 1931
List the prime factors of 81855588.
2, 3, 239, 28541
List the prime factors of 76258695.
3, 5, 5083913
What are the prime factors of 2490033958?
2, 23, 54131173
What are the prime factors of 135081203?
19, 1291, 5507
List the prime factors of 37175024.
2, 2323439
What are the prime factors of 1749742627?
43, 127, 373, 859
List the prime factors of 126984607.
10103, 12569
What are the prime factors of 2164758715?
5, 7, 293, 211093
What are the prime factors of 4380732622?
2, 7, 312909473
List the prime factors of 53080260.
2, 3, 5, 443, 1997
List the prime factors of 2496403.
7, 13, 3919
List the prime factors of 3000819482.
2, 61, 24596881
What are the prime factors of 305443261?
305443261
List the prime factors of 5474122.
2, 2737061
What are the prime factors of 237967101?
3, 26440789
List the prime factors of 5669616480.
2, 3, 5, 11, 1073791
What are the prime factors of 2844267334?
2, 41, 34686187
What are the prime factors of 543442501?
7, 79, 523, 1879
List the prime factors of 3508643070.
2, 3, 5, 1163, 33521
List the prime factors of 190575840.
2, 3, 5, 7, 13, 4363
What are the prime factors of 5161955105?
5, 23167, 44563
List the prime factors of 2165670731.
7, 23, 89, 359, 421
List the prime factors of 397749681.
3, 7, 271, 23297
List the prime factors of 875030807.
7, 19, 6579179
What are the prime factors of 378624275?
5, 23, 658477
List the prime factors of 500530634.
2, 149, 1679633
List the prime factors of 480772869.
3, 17, 9426919
List the prime factors of 127574982.
2, 3, 31, 97, 2357
What are the prime factors of 239616253?
43, 5572471
What are the prime factors of 173040957?
3, 61, 315193
List the prime factors of 9834296.
2, 17, 167, 433
What are the prime factors of 1299546524?
2, 79, 1667, 2467
List the prime factors of 1065777661.
13, 43, 1906579
List the prime factors of 1235848135.
5, 247169627
What are the prime factors of 754601697?
3, 491, 56921
What are the prime factors of 872835571?
5119, 170509
What are the prime factors of 153068284?
2, 47, 814193
What are the prime factors of 187247550?
2, 3, 5, 7, 151, 1181
What are the prime factors of 95264051?
73, 1304987
What are the prime factors of 213105354?
2, 3, 7, 11, 101, 4567
What are the prime factors of 167978235?
3, 5, 47, 238267
What are the prime factors of 124128493?
23, 103, 151, 347
List the prime factors of 314494525.
5, 23, 546947
What are the prime factors of 967514628?
2, 3, 37, 773, 2819
What are the prime factors of 152796981?
3, 23, 79, 28031
List the prime factors of 440222940.
2, 3, 5, 31, 78893
What are the prime factors of 121305483?
3, 13, 1036799
List the prime factors of 49250684.
2, 7, 35897
What are the prime factors of 226237730?
2, 5, 22623773
What are the prime factors of 1418590766?
2, 709295383
What are the prime factors of 14878227?
3, 7, 13, 54499
List the prime factors of 16536037.
7, 43, 137, 401
What are the prime factors of 132098601?
3, 353, 124739
List the prime factors of 4891346350.
2, 5, 11, 37, 21851
List the prime factors of 150771866.
2, 7, 397, 27127
List the prime factors of 315481373.
315481373
List the prime factors of 2724528576.
2, 3, 7, 11, 3761
List the prime factors of 2246183452.
2, 283, 1984261
List the prime factors of 228901464.
2, 3, 11, 17, 1889
List the prime factors of 71498994.
2, 3, 7, 761, 2237
List the prime factors of 142855943.
29, 1861, 2647
What are the prime factors of 1578263991?
3, 223, 2359139
List the prime factors of 23477718.
2, 3, 11, 355723
List the prime factors of 808907834.
2, 7, 4211, 13721
What are the prime factors of 54917561?
29, 79, 23971
List the prime factors of 30832084.
2, 17, 61, 7433
List the prime factors of 108228580.
2, 5, 29, 186601
List the prime factors of 250332479.
250332479
List the prime factors of 395958125.
5, 71, 8923
What are the prime factors of 637221775?
5, 25488871
List the prime factors of 6350790819.
3, 229, 9244237
List the prime factors of 209081413.
37, 101, 55949
What are the prime factors of 2083023193?
2083023193
List the prime factors of 506233611.
3, 13, 23, 73, 859
What are the prime factors of 2331799027?
29, 41, 883, 2221
List the prime factors of 419515103.
7, 17, 181, 19477
List the prime factors of 8347740542.
2, 11903, 350657
List the prime factors of 686925997.
686925997
List the prime factors of 1844822778.
2, 3, 23, 191, 69991
What are the prime factors of 392476938?
2, 3, 7, 97, 96337
What are the prime factors of 2402948487?
3, 17, 19, 130517
List the prime factors of 718902103.
17, 42288359
List the prime factors of 3534773625.
3, 5, 3142021
List the prime factors of 14364169.
641, 22409
List the prime factors of 77319878.
2, 38659939
What are the prime factors of 50502486?
2, 3, 8417081
List the prime factors of 210434427.
3, 7, 41, 257, 317
List the prime factors of 992745666.
2, 3, 11, 1671289
What are the prime factors of 88544562?
2, 3, 14757427
What are the prime factors of 54486462?
2, 3, 17, 281, 1901
What are the prime factors of 210242297?
89, 2362273
What are the prime factors of 276837097?
47, 73, 80687
What are the prime factors of 18680117?
23, 812179
What are the prime factors of 178467255?
3, 5, 3965939
List the prim